{"id":9,"date":"2016-08-21T18:16:19","date_gmt":"2016-08-21T16:16:19","guid":{"rendered":"http:\/\/ostsport.ch\/?page_id=9"},"modified":"2023-10-30T16:46:39","modified_gmt":"2023-10-30T15:46:39","slug":"bienenzucht-st-gallen","status":"publish","type":"page","link":"https:\/\/honigbienen.ch\/","title":{"rendered":"Bienen Region St. Gallen"},"content":{"rendered":"<p style=\"text-align: right;\"><img decoding=\"async\" style=\"width: 100%;\" title=\"\u00a9 geoportal.ch\" src=\"https:\/\/honigbienen.ch\/wp-content\/uploads\/St.-Gallen.jpg\" alt=\"Vereinsgebiet und Bienenstandorte\" \/><\/p>\n<p>Das Vereinsgebiet umfasst die GemeindenGossau, Andwil, Waldkirch, St.Gallen, Gaiserwald, Wittenbach, M\u00f6rschwil, T\u00fcbach, Goldach, Untereggen, Eggersriet.<\/p>\n<p style=\"text-align: right;\"><a href=\"https:\/\/www.geoportal.ch\/ktsg\/map\/64?y=2742380.34&amp;x=1254715.98&amp;scale=50000&amp;rotation=0\" target=\"_blank\" rel=\"noopener noreferrer\">Bienenstandorte Region St. Gallen \u00a9 geoportal.ch<\/a><\/p>\n<h1 class=\"entry-title\">Didaktisches Zentrum Bienenwerte<\/h1>\n<p>Das Didaktische Zentrum f\u00fcr Bienen-Werte befindet sich an der Rorschacherstrasse 4 in 9204 M\u00f6rschwil &#8211; an der Grenze zur Stadt St.Gallen.<br \/>\nMit einer etwa zweist\u00fcndigen F\u00fchrung k\u00f6nnen Gruppen tiefer ins Thema eintauchen. Als Zus\u00e4tze k\u00f6nnen Verpflegung und Schulr\u00e4ume f\u00fcr die Nachbearbeitung oder den Ausklang\/Umtrunk gebucht werden.<\/p>\n<p style=\"text-align: right;\"><img decoding=\"async\" style=\"width: 100%;\" title=\"\u00a9 bienensg.ch\" src=\"wp-content\/uploads\/didaktisches-zentrum.jpg\" alt=\"Didaktisches Zentrum\" \/><br \/>\nDas detaillierte Angebot f\u00fcr F\u00fchrungen und m\u00f6glichen Zusatzleistungen finden sie auf der Homepage des <a href=\"http:\/\/www.bienen-werte.ch\">Didaktischen Zentrums<\/a>.<br \/>\nUm eine F\u00fchrung zu buchen, k\u00f6nnen sie auf der Hompage &#8220; <a href=\"https:\/\/bienen-werte.ch\" target=\"_blank\" rel=\"noopener noreferrer\">www.bienen-werte.ch<\/a>\u201c unter &#8222;Buchung von F\u00fchrungen&#8220; ihren gew\u00fcnschten Termin eintragen. Mit dem Absenden des Formulars wird f\u00fcr Ihren Termin ein F\u00fchrer f\u00fcr ihren Anlass gesucht.<\/p>\n","protected":false},"excerpt":{"rendered":"<p>Das Vereinsgebiet umfasst die GemeindenGossau, Andwil, Waldkirch, St.Gallen, Gaiserwald, Wittenbach, M\u00f6rschwil, T\u00fcbach, Goldach, Untereggen, Eggersriet. Bienenstandorte Region St. Gallen \u00a9 geoportal.ch Didaktisches Zentrum Bienenwerte Das Didaktische Zentrum f\u00fcr Bienen-Werte befindet sich an der Rorschacherstrasse 4 in 9204 M\u00f6rschwil &#8211; an der Grenze zur Stadt St.Gallen. Mit einer etwa zweist\u00fcndigen F\u00fchrung k\u00f6nnen Gruppen tiefer ins Thema [&hellip;]<\/p>\n","protected":false},"author":1,"featured_media":0,"parent":0,"menu_order":0,"comment_status":"closed","ping_status":"closed","template":"","meta":{"footnotes":""},"class_list":["post-9","page","type-page","status-publish","hentry"],"_links":{"self":[{"href":"https:\/\/honigbienen.ch\/index.php?rest_route=\/wp\/v2\/pages\/9","targetHints":{"allow":["GET"]}}],"collection":[{"href":"https:\/\/honigbienen.ch\/index.php?rest_route=\/wp\/v2\/pages"}],"about":[{"href":"https:\/\/honigbienen.ch\/index.php?rest_route=\/wp\/v2\/types\/page"}],"author":[{"embeddable":true,"href":"https:\/\/honigbienen.ch\/index.php?rest_route=\/wp\/v2\/users\/1"}],"replies":[{"embeddable":true,"href":"https:\/\/honigbienen.ch\/index.php?rest_route=%2Fwp%2Fv2%2Fcomments&post=9"}],"version-history":[{"count":36,"href":"https:\/\/honigbienen.ch\/index.php?rest_route=\/wp\/v2\/pages\/9\/revisions"}],"predecessor-version":[{"id":2496,"href":"https:\/\/honigbienen.ch\/index.php?rest_route=\/wp\/v2\/pages\/9\/revisions\/2496"}],"wp:attachment":[{"href":"https:\/\/honigbienen.ch\/index.php?rest_route=%2Fwp%2Fv2%2Fmedia&parent=9"}],"curies":[{"name":"wp","href":"https:\/\/api.w.org\/{rel}","templated":true}]}}